9?
False
Is 14 a factor of 51828?
True
Does 20 divide 33038515?
False
Is 6870370 a multiple of 26?
True
Is 171 a factor of 75711925?
False
Is 4 a factor of 18854392?
True
Is 30 a factor of 5408023529?
False
Is 30396872 even?
True
Is 14 a factor of 172270318?
False
Is 154018213 a multiple of 386?
False
Is 361881475 a multiple of 882?
False
Is 253412690 a multiple of 19?
True
Does 623 divide 48580134?
False
Does 29 divide 14682149?
True
Is 1882 a factor of 497791417?
False
Is 3205575 a multiple of 286?
False
Is 4873 a factor of 138329851?
True
Is 21748722 even?
True
Is 8523066 a multiple of 74?
False
Is 44 a factor of 50558508?
True
Is 19084604 a multiple of 308?
True
Is 155265232 a multiple of 16?
True
Does 9 divide 88501520?
False
Does 9 divide 256288689?
True
Is 5387026 a multiple of 106?
True
Does 1624 divide 39604381?
False
Is 1443000 a multiple of 75?
True
Is 108 a factor of 18594883?
False
Is 192 a factor of 131251008?
True
Does 2653 divide 71424066?
True
Is 855 a factor of 238711725?
True
Does 163 divide 8284964?
True
Is 125057466 a multiple of 139?
True
Is 291611701 even?
False
Is 2072 a factor of 38961066?
False
Does 208 divide 46852988?
False
Is 322 a factor of 504445844?
True
Is 2118 a factor of 8913364?
False
Is 997386430 a multiple of 1967?
False
Is 1761499071 a multiple of 239?
True
Does 67 divide 10244702?
True
Is 15 a factor of 273625737?
False
Is 56181384 a multiple of 18?
True
Is 987772159 a multiple of 77?
False
Is 55 a factor of 782953765?
True
Is 2732215 a multiple of 43?
False
Is 719 a factor of 3012782635?
False
Is 13375696 a multiple of 1633?
False
Is 500671866 a multiple of 98?
False
Is 1683 a factor of 610043742?
True
Does 126 divide 25553721?
False
Does 3 divide 12149262?
True
Is 472 a factor of 1279493824?
True
Is 4785509089 a multiple of 20?
False
Does 78 divide 3559727416?
False
Is 8 a factor of 140576952?
True
Is 706 a factor of 179983172?
False
Does 14 divide 9585926?
True
Does 40 divide 14458280?
True
Is 191261276 a multiple of 73?
False
Does 4 divide 16748224?
True
Is 6413 a factor of 1561809886?
False
Is 731 a factor of 635724191?
False
Does 238 divide 1151672718?
True
Is 9858438 a multiple of 2021?
True
Does 22 divide 23298401?
False
Is 169798959 a multiple of 179?
False
Is 102 a factor of 22851060?
True
Does 131 divide 82027?
False
Is 113 a factor of 1453191?
False
Does 229 divide 39965409?
False
Does 212 divide 30578880?
True
Does 143 divide 43335578?
True
Does 31 divide 82323538?
True
Does 10 divide 119113063?
False
Is 20 a factor of 24424476?
False
Does 12 divide 42559068?
True
Does 4017 divide 1364494560?
True
Is 3383618595 a multiple of 4461?
False
Is 12783621 a multiple of 2?
False
Is 252 a factor of 490421295?
False
Is 24601728 a multiple of 6?
True
Is 29171428 a multiple of 321?
False
Is 218 a factor of 3159256?
True
Is 654295265 a multiple of 3?
False
Does 135 divide 46050732?
False
Is 60 a factor of 1445566396?
False
Is 6066675 a multiple of 531?
True
Is 6110608 a multiple of 16?
True
Is 7626927 a multiple of 137?
True
Does 15 divide 90793800?
True
Does 2591 divide 1065006234?
False
Is 523 a factor of 24662065?
True
Does 47 divide 223577462?
False
Is 13928993 a multiple of 923?
True
Is 30 a factor of 271992660?
True
Is 385581378 a multiple of 39?
True
Is 116602893 a multiple of 99?
True
Is 19 a factor of 16398881?
True
Does 2167 divide 79664266?
False
Is 16 a factor of 21616736?
True
Is 36322860 a multiple of 70?
True
Is 1907274600 a multiple of 1529?
True
Is 5996 a factor of 6168402988?
True
Is 17691298 a multiple of 742?
False
Does 72 divide 1589061744?
True
Is 721709556 a multiple of 158?
True
Is 1217979534 a multiple of 137?
False
Does 70 divide 1458771331?
False
Is 14 a factor of 16080624?
True
Is 116 a factor of 191673876?
True
Does 6280 divide 310693126?
False
Does 614 divide 27775518?
True
Does 4 divide 95980440?
True
Does 21 divide 34763576?
False
Does 427 divide 119070784?
False
Does 3649 divide 5364030?
True
Does 57 divide 176542537?
False
Is 13 a factor of 284089670?
False
Is 487 a factor of 19830640?
True
Does 59 divide 296325140?
True
Does 892 divide 320186674?
False
Is 297 a factor of 156891438?
True
Is 14238643 a multiple of 8?
False
Does 1490 divide 30698470?
True
Is 19631336 a multiple of 4?
True
Is 255653100 a multiple of 46?
False
Is 969 a factor of 10107639?
True
Is 41102260 a multiple of 20?
True
Is 280440576 a multiple of 2808?
True
Does 10 divide 12056629?
False
Is 8147 a factor of 1154747633?
True
Does 843 divide 624203565?
True
Is 33035801 a multiple of 78?
False
Is 89 a factor of 62255500?
True
Is 1210137176 a multiple of 7109?
False
Is 7 a factor of 2706551652?
True
Is 17 a factor of 99489938?
False
Is 70246680 a multiple of 12?
True
Is 1108 a factor of 18606936?
False
Does 229 divide 27107417?
True
Is 6 a factor of 722778964?
False
Is 1623 a factor of 135011378?
False
Is 24 a factor of 25523280?
True
Does 134 divide 1924355?
False
Does 66 divide 9211554?
True
Does 27 divide 47338327?
False
Is 1317 a factor of 588189810?
False
Is 710948697 a multiple of 204?
False
Is 423 a factor of 162339780?
False
Is 193 a factor of 9289476?
True
Does 17 divide 40797076?
True
Does 97 divide 148665862?
False
Does 53 divide 169718190?
True
Is 9 a factor of 100889945?
False
Is 39 a factor of 211830004?
False
Is 10 a factor of 324683862?
False
Is 5 a factor of 55069812?
False
Does 1262 divide 3773541536?
True
Does 22 divide 40034526?
False
Does 94 divide 78656850?
True
Does 155 divide 135731363?
False
Is 456 a factor of 94306272?
True
Is 1862 a factor of 387094682?
False
Is 2 a factor of 99206295?
False
Does 34 divide 19239342?
True
Is 1523174352 a multiple of 7?
True
Does 125 divide 507002784?
False
Is 7726050 a multiple of 135?
True
Does 8138 divide 2695100050?
False
Is 192927837 a multiple of 4243?
False
Is 30078672 a multiple of 708?
True
Is 931 a factor of 5849473?
True
Does 127 divide 2669835656?
True
Does 9 divide 21967938?
True
Is 29 a factor of 201973736?
False
Is 4300452 a multiple of 1021?
True
Does 15 divide 1096805925?
True
Does 22 divide 15985369?
False
Is 175 a factor of 13062700?
True
Is 17 a factor of 282959526?
True
Does 16 divide 22142447?
False
Does 2744 divide 67269160?
True
Does 277 divide 112768362?
True
Does 96 divide 203751815?
False
Is 68270727 a multiple of 26?
False
Is 48778784 a multiple of 31?
False
Does 871 divide 1770731677?
True
Is 245574291 a multiple of 1005?
False
Does 15 divide 427435940?
False
Is 328 a factor of 443366456?
True
Does 837 divide 1863132920?
False
Does 382 divide 36658630?
True
Is 339940798 a multiple of 19?
False
Is 5 a factor of 56513474?
False
Does 112 divide 260678064?
False
Is 121 a factor of 6965387?
False
Is 4283 a factor of 138319485?
True
Does 266 divide 1926638?
True
Does 3 divide 7657878?
True
Is 996 a factor of 19676976?
True
Is 2990 a factor of 6787300?
True
Does 27 divide 4786376?
False
Is 11 a factor of 5495075?
False
Is 13 a factor of 1270776?
True
Is 145139970 a multiple of 36?
False
Does 35 divide 17007900?
True
Is 5 a factor of 50571790?
True
Is 17 a factor of 8846749?
True
Is 31 a factor of 919463027?
False
Is 1179 a factor of 3098440296?
True
Does 23 divide 1911185?
True
Does 53 divide 153876431?
False
Is 890559956 a multiple of 638?
True
Is 1186 a factor of 214024374?
True
Does 770 divide 8907360?
True
Is 33 a factor of 1219874733?
True
Is 2481 a factor of 4377223338?
True
Is 205623744 a multiple of 1544?
True
Does 499 divide 834986680?
True
Is 612677524 a multiple of 47?
True
Is 261901350 a multiple of 675?
True
Is 18 a factor of 5794387300?
False
Is 1425 a factor of 267290006?
False
Is 2215325981 a multiple of 1203?
False
Does 2074 divide 138317193?
False
Is 45 a factor of 22899105?
True
Does 78 divide 70016700?
True
Is 1447 a factor of 71412898?
False
Does 1475 divide 1900444575?
True
Is 2182985 a multiple of 199?
False
Is 213001535 a multiple of 158?
False
Is 21 a factor of 3434636524?
False
Does 95 divide 4782015?
True
Is 142222923 a multiple of 357?
False
Is 12 a factor of 553310196?
True
Is 2570 a factor of 18642780?
True
Is 1367 a factor of 74679569?
False
Does 372 divide 18989944?
False
Is 10835 a factor of 3405543211?
False
Is 3000 a factor of 99378000?
True
Is 719 a factor of 86570750?
False
Is 350813